216 and h?
8
Let i = 49 - 47. Suppose -i*a + 4*z = z - 123, 5*a - 295 = -5*z. What is the highest common factor of a and 200?
20
Let q be 70/22 + 24/(-132). Let o be (-6)/(-18)*21 - q. Let r(t) = t**3 - 3*t**2 - t. Let z be r(4). Calculate the highest common factor of o and z.
4
Let v = 396 + -142. Suppose -v*l = -255*l + 42. Calculate the highest common divisor of l and 21.
21
Suppose 83988 + 22734 = 1627*p - 1606*p. Calculate the highest common divisor of p and 42.
42
Let r(f) = 126*f**2 - 25*f + 27. Let d be r(2). What is the greatest common factor of 592 and d?
37
Let m be 836247/75 + 296/7400. What is the highest common factor of 75 and m?
25
Let y be (108/(-42))/(-9) + (-60)/(-35). Suppose 5*s - y = 2*t + 17, -3*s + t + 11 = 0. What is the greatest common divisor of s and 300?
3
Let r be (53088/(-133))/(-8) + (-8)/(-76). Calculate the highest common divisor of 10550 and r.
50
Suppose 3*m - 3*k - 425 = 2*k, -3*m - 2*k + 460 = 0. Suppose 2*x - 4 = -0*x. Suppose x*g + 2 - 52 = 0. What is the highest common divisor of m and g?
25
Suppose 38680*l - 38682*l - 17 = -1437. What is the greatest common divisor of l and 290?
10
Suppose -9 = 3*h - 3*p, 4*h - 3*p + 7 = -0*h. Let w(b) = 4 + 3*b**2 - h*b - 7*b - b + 5. Let o be w(6). Calculate the highest common divisor of 38 and o.
19
Let v = 2485 + -2149. What is the greatest common divisor of 156 and v?
12
Suppose -166 = -2*s - 0*s. Let f(x) = -x**3 + 15*x**2 + 624*x - 10258. Let o be f(18). What is the greatest common divisor of o and s?
1
Let v(a) = -5*a**2 + 19 - 3*a**3 + 4*a**3 + a**2 + 11 + a - 3. Let p be v(5). What is the highest common divisor of p and 912?
57
Let d(k) be the third derivative of -5*k**4/24 + 67*k**3/6 + 39*k**2. Let p be d(-6). Suppose -x = -64 - p. Calculate the greatest common divisor of 23 and x.
23
Suppose 17*o + 66 = 39*o. Suppose 29 - 92 = -o*r. Let g = 154 - 7. Calculate the greatest common factor of r and g.
21
Let o be (-1580)/(26 + -46) - -22. Calculate the greatest common divisor of 101 and o.
101
Suppose -9*v + 51400 = -v - 22328. Calculate the highest common divisor of v and 18.
18
Suppose 9042 = -6*l + 9*l. What is the greatest common factor of l and 22?
22
Let o(l) = l**3 + 7*l**2 - 8*l - 67. Let d be o(-14). Let h = d + 1347. Let v = 19 - 4. Calculate the highest common divisor of h and v.
5
Let i = 5913 - 4886. Calculate the highest common factor of 26 and i.
13
Suppose u - 2*q - 18 = 0, 5*u = -3*q + 57 + 20. What is the greatest common factor of 9568 and u?
16
Suppose -4*n - 8*w + 9*w = 636, -3*n - w - 470 = 0. Let l = -119 - n. What is the highest common factor of l and 39?
39
Let v be (133/(-56) - -2) + (-6951271)/(-232). What is the highest common factor of 284 and v?
142
Let r(z) = 116*z + 2. Let o be r(-10). Let b be (o/(-18) + -5)/((-1)/(-9)). What is the greatest common factor of 6 and b?
6
Let u = -21325 - -21361. Calculate the greatest common factor of u and 18108.
36
Let h be (-4 - (2 + -3 + -2))*-2. Suppose i - 3*z = h*i - 435, -5*i + 2*z + 2090 = 0. Calculate the greatest common factor of 28 and i.
28
Let k = -7980 + 8043. What is the greatest common factor of 56 and k?
7
Suppose 18*p - p = -6749 + 11101. Calculate the highest common divisor of 8128 and p.
64
Let a(t) = -82*t**2 + 17*t - 28. Let r be a(2). Let l = r - -430. What is the greatest common divisor of l and 48?
12
Let u(i) = 2*i**2 + 8*i - 13. Let a be u(-5). Let k be (-9)/6*4/a. Let n = 19 - 5. Calculate the highest common factor of n and k.
2
Let v(t) = -5*t + t**2 + 0*t + 0*t**2. Let a be v(6). Suppose -2*y - 4*f = 20, -6*f - 374 = y - 332. Calculate the highest common factor of y and a.
6
Let a be (-9)/(-4)*(-25)/((-450)/48). Suppose -5*k + 3*m = -1266, -a*k + 244 = -5*k + 4*m. Calculate the highest common divisor of k and 63.
63
Let i be 6415/(-35) + (-4)/(-14). Let d = 233 + i. Let n = 45 + -25. Calculate the greatest common factor of n and d.
10
Let n(m) = 2*m**3 - 13*m**2 - 31*m - 6. Let p be n(9). Calculate the greatest common divisor of p and 512.
8
Let m = 567 - 555. Let o be (6 + 4 + -7)*4340/m. Calculate the highest common factor of o and 35.
35
Suppose -196 = -5*j - 2*c - 58, -5*j + c + 141 = 0. Let h = 1086 + -435. Let o = -609 + h. What is the greatest common factor of j and o?
14
Let s be 6/108*(4 - -2) + (-1474)/(-6). What is the highest common factor of 3034 and s?
82
Let o = -5 + 61. Let s(a) = -a - 10. Let t be s(-8). Let m(p) = -2*p**3 + 5*p + 1. Let c be m(t). Calculate the greatest common divisor of c and o.
7
Let t(l) = 5*l**2 + 115*l + 400. Let n be t(-48). Calculate the greatest common divisor of n and 100.
100
Let x(j) = -2*j**2 + 70*j + 31. Let v be x(34). Calculate the highest common factor of v and 243.
9
Let t be (5/(-10))/((-2)/(-36)). Let m(u) = -29*u + 1. Let f be m(-5). Let z be f/9 - (-2)/t. Calculate the greatest common factor of z and 176.
16
Suppose -3*k + 2*r + 221 = -3*r, r = k - 73. Let v be -2*(-2)/(-4)*(14 - (27 + 14)). What is the greatest common divisor of k and v?
9
Let t(k) = -1731*k - 7135. Let a be t(-5). What is the highest common factor of a and 3135?
95
Let v = 34 + -10. Suppose -4*h + 19 = -3*c, -h = -3*c - 2 - 5. Suppose -134 = -4*z - 2*m, -m - h*m + 175 = 5*z. What is the highest common factor of v and z?
8
Suppose 20 = -9*h + 13*h, 0 = 2*j - 2*h - 94. Calculate the greatest common divisor of j and 689.
13
Suppose 2*t - 2 = 3*t + 2*h, -3*t - 4*h = 0. Let b be -55*(t + (-52)/10). Let a be b*1 - 3 - -1. Calculate the highest common divisor of a and 160.
32
Suppose 3*f = -5*w + 26, 65 = 6*w + 5*f + 24. Calculate the greatest common divisor of 3385 and w.
1
Let r(l) = -14*l - 163. Let o(s) = 28*s + 326. Let u(v) = -6*o(v) - 11*r(v). Let f be u(-12). What is the highest common divisor of 485 and f?
5
Let o be ((-64)/(-48))/(4/390). Let p = o + -96. Suppose 5*i - t - 670 = 0, -9 + p = 5*t. What is the greatest common factor of i and 54?
27
Let a be 3/(3 - 0) - (-6 - -4). What is the highest common factor of 489 and a?
3
Let c be ((-4)/4)/(9/1458). Let x be 16*(c/12)/(-9). What is the greatest common divisor of x and 120?
24
Suppose -m = a - 18, 2*a - 5*m = -m + 30. Let f = 19 + a. Calculate the highest common factor of f and 54.
18
Suppose 2*d + 12 = d - 3*o, 2*d - 4*o + 24 = 0. Let w be 15 + d + 40 + 1. Let n = -42 + w. Calculate the greatest common divisor of n and 22.
2
Let k be (0 - -7) + 23 - (2 + 1). Suppose -14868 + 2880 = -k*w. Calculate the highest common divisor of 24 and w.
12
Let p = -2926 + 3008. What is the greatest common factor of p and 2214?
82
Let h(n) = -858*n + 49. Let w be h(-4). Suppose 0 = 28*t - 3519 - w. Calculate the greatest common divisor of 75 and t.
25
Suppose 0 = 36*h + 7*h + 326030 - 1108974. Calculate the greatest common divisor of 32 and h.
32
Let t = -247 + 268. Suppose -t*i = -i - 120. Let w be 12*(-2 + 1)*-1. Calculate the highest common divisor of i and w.
6
Let z(j) = 12*j - 28. Let n(x) = -10*x + 27. Let a(h) = 5*n(h) + 4*z(h). Let k be a(4). Let b = 114 + -54. What is the highest common divisor of b and k?
15
Let b be -5 + (4 - 10 - -279). Let j = b - 266. Calculate the greatest common divisor of j and 7.
1
Let a = -138 - -257. Let m(k) = 2*k**3 - 3*k**2 - 3*k + 85. Let h be m(0). What is the highest common divisor of a and h?
17
Let p be (12/(-33) - 23436/(-682)) + -1. Let g be (-3)/12 - (-705)/4. Calculate the highest common factor of p and g.
11
Suppose 5*j - 9220 = -0*j - 5*b, -4*j = 3*b - 7381. What is the highest common divisor of 344 and j?
43
Suppose -3*s = -5*j + 6, 8 = 3*j - 5*s - 2. Suppose 5*h - 3*b - 90 = j, 5*h - 36 = 3*h - b. Calculate the highest common factor of h and 261.
9
Suppose 2*c = -2*r + 42, 5*r = -c + 158 - 57. Let l be -805*48*(-66)/5544. Calculate the highest common factor of l and r.
20
Suppose 16*c - 3509 - 1131 = 0. Calculate the greatest common factor of c and 30.
10
Suppose 0 = 109*b - 146 - 2034. Calculate the greatest common factor of 284 and b.
4
Suppose 5*j - 4147 - 3713 = 0. Suppose -3*t = -7*t + j. Let k = t - 228. What is the greatest common divisor of k and 15?
15
Let j be -3*28156/(-3) - (1 + -5 - 0). Calculate the highest common divisor of j and 220.
220
Let p(j) = 87 - 19 - j + 8*j. Let o be p(-8). Suppose -4*d = -2*d - 12. What is the greatest c